er when 63082 is divided by 18?
10
Calculate the remainder when 16534 is divided by 2349.
91
Calculate the remainder when 62015 is divided by 131.
52
What is the remainder when 53224 is divided by 114?
100
Calculate the remainder when 13937 is divided by 907.
332
What is the remainder when 21736 is divided by 36?
28
What is the remainder when 39570 is divided by 346?
126
Calculate the remainder when 165051 is divided by 420.
411
Calculate the remainder when 14087 is divided by 612.
11
Calculate the remainder when 3755 is divided by 708.
215
What is the remainder when 77286 is divided by 1838?
90
What is the remainder when 191889 is divided by 95933?
23
What is the remainder when 9090 is divided by 21?
18
What is the remainder when 18544 is divided by 70?
64
Calculate the remainder when 35173 is divided by 126.
19
Calculate the remainder when 5507 is divided by 619.
555
Calculate the remainder when 34784 is divided by 638.
332
What is the remainder when 13023 is divided by 26?
23
What is the remainder when 18591 is divided by 42?
27
What is the remainder when 1734119 is divided by 36?
35
Calculate the remainder when 5816 is divided by 653.
592
Calculate the remainder when 279885 is divided by 43.
41
What is the remainder when 5737 is divided by 254?
149
What is the remainder when 25249 is divided by 3144?
97
What is the remainder when 88569 is divided by 1108?
1037
Calculate the remainder when 20447 is divided by 46.
23
Calculate the remainder when 453 is divided by 223.
7
What is the remainder when 15958 is divided by 7863?
232
What is the remainder when 21720 is divided by 38?
22
Calculate the remainder when 263 is divided by 32.
7
Calculate the remainder when 918034 is divided by 778.
772
Calculate the remainder when 1318 is divided by 437.
7
What is the remainder when 8331700 is divided by 1117?
1114
Calculate the remainder when 2562 is divided by 2525.
37
What is the remainder when 170673 is divided by 1022?
1021
Calculate the remainder when 24873 is divided by 9.
6
What is the remainder when 433573 is divided by 40?
13
What is the remainder when 301608 is divided by 150778?
52
Calculate the remainder when 24742 is divided by 6178.
30
What is the remainder when 31737 is divided by 577?
2
Calculate the remainder when 74597 is divided by 14919.
2
Calculate the remainder when 6376 is divided by 896.
104
What is the remainder when 31015 is divided by 795?
10
Calculate the remainder when 8559 is divided by 2839.
42
What is the remainder when 27079 is divided by 476?
423
Calculate the remainder when 16767 is divided by 141.
129
What is the remainder when 3715 is divided by 12?
7
Calculate the remainder when 2394 is divided by 267.
258
What is the remainder when 2823 is divided by 266?
163
Calculate the remainder when 3017 is divided by 1499.
19
What is the remainder when 40591 is divided by 102?
97
What is the remainder when 1573 is divided by 523?
4
Calculate the remainder when 47566 is divided by 416.
142
What is the remainder when 107359 is divided by 87?
1
What is the remainder when 7640 is divided by 2354?
578
What is the remainder when 13815 is divided by 14?
11
Calculate the remainder when 2638 is divided by 888.
862
Calculate the remainder when 3077 is divided by 932.
281
What is the remainder when 316951 is divided by 598?
11
Calculate the remainder when 12321 is divided by 944.
49
Calculate the remainder when 1528 is divided by 1435.
93
What is the remainder when 47856 is divided by 1293?
15
What is the remainder when 1936 is divided by 23?
4
What is the remainder when 4857 is divided by 17?
12
Calculate the remainder when 3361 is divided by 38.
17
What is the remainder when 564924 is divided by 33?
30
What is the remainder when 4251 is divided by 24?
3
Calculate the remainder when 128114 is divided by 207.
188
Calculate the remainder when 6331 is divided by 139.
76
Calculate the remainder when 144876 is divided by 21.
18
Calculate the remainder when 16704 is divided by 364.
324
What is the remainder when 7668 is divided by 300?
168
Calculate the remainder when 1182294 is divided by 10.
4
What is the remainder when 44140 is divided by 22070?
0
Calculate the remainder when 345967 is divided by 43.
32
What is the remainder when 23454 is divided by 98?
32
What is the remainder when 147352 is divided by 493?
438
What is the remainder when 16595 is divided by 167?
62
Calculate the remainder when 6432 is divided by 3185.
62
Calculate the remainder when 585792 is divided by 52.
12
What is the remainder when 12343 is divided by 12317?
26
What is the remainder when 1809376 is divided by 438?
436
What is the remainder when 439757 is divided by 219877?
3
Calculate the remainder when 18080 is divided by 87.
71
What is the remainder when 432124 is divided by 47?
6
What is the remainder when 1338641 is divided by 186?
185
What is the remainder when 13289 is divided by 15?
14
What is the remainder when 1340234 is divided by 377?
376
Calculate the remainder when 15629 is divided by 64.
13
Calculate the remainder when 7923 is divided by 3960.
3
What is the remainder when 1014 is divided by 602?
412
What is the remainder when 169085 is divided by 16?
13
Calculate the remainder when 2832 is divided by 158.
146
What is the remainder when 10960 is divided by 2191?
5
Calculate the remainder when 47953 is divided by 115.
113
Calculate the remainder when 369 is divided by 123.
0
What is the remainder when 87571 is divided by 952?
939
Calculate the remainder when 270988 is divided by 464.
12
Calculate the remainder when 4541 is divided by 341.
108
What is the remainder when 3563 is divided by 76?
67
What is the remainder when 17939 is divided by 482?
105
Calculate the remainder when 459 is divided by 68.
51
Calculate the remainder when 3669865 is divided by 1223285.
10
Calculate the remainder when 13433 is divided by 462.
35
Calculate the remainder when 21830 is divided by 53.
47
What is the remainder when 24853 is divided by 12375?
103
Calculate the remainder when 31420 is divided by 6282.
10
What is the remainder when 436832 is divided by 33?
11
Calculate the remainder when 26832 is divided by 770.
652
Calculate the remainder when 380344 is divided by 37.
21
What is the remainder when 5265 is divided by 125?
15
Calculate the remainder when 5162 is divided by 511.
52
Calculate the remainder when 4321 is divided by 105.
16
What is the remainder when 9143 is divided by 1826?
13
Calculate the remainder when 10586 is divided by 5290.
6
Calculate the remainder when 133070 is divided by 2957.
5
Calculate the remainder when 378837 is divided by 38.
15
Calculate the remainder when 4300884 is divided by 241.
239
What is the remainder when 19897 is divided by 183?
133
What is the remainder when 66988 is divided by 33?
31
Calculate the remainder when 1362 is divided by 1305.
57
What is the remainder when 2020 is divided by 458?
188
Calculate the remainder when 40885 is divided by 33.
31
Calculate the remainder when 265 is divided by 41.
19
What is the remainder when 3844 is divided by 64?
4
What is the remainder when 110377 is divided by 241?
240
What is the remainder when 141093 is divided by 206?
189
Calculate the remainder when 225783 is divided by 17367.
12
Calculate the remainder when 11200 is divided by 435.
325
What is the remainder when 460179 is divided by 943?
938
Calculate the remainder when 9250 is divided by 8.
2
What is the remainder when 917 is divided by 407?
103
What is the remainder when 2284 is divided by 1050?
184
What is the remainder when 1570 is divided by 500?
70
Calculate the remainder when 1799 is divided by 51.
14
Calculate the remainder when 22199 is divided by 75.
74
Calculate the remainder when 90 is divided by 60.
30
Calculate the remainder when 22286 is divided by 156.
134
Calculate the remainder when 103497 is divided by 20.
17
Calculate the remainder when 464435 is divided by 798.
797
Calculate the remainder when 54 is divided by 40.
14
Calculate the remainder when 154613 is divided by 23.
7
Calculate the remainder when 2709 is divided by 1350.
9
What is the remainder when 21580 is divided by 2396?
16
Calculate the remainder when 1412453 is divided by 342.
335
Calculate the remainder when 227888 is divided by 540.
8
What is the rem